onvert -45bc (base 15) to base 7.
-61104
Convert -2403 (base 6) to base 10.
-579
What is -1330 (base 5) in base 13?
-137
Convert 5a6 (base 15) to base 10.
1281
Convert -493 (base 16) to base 13.
-6c1
-2a68 (base 12) to base 9
-6738
What is -1621 (base 16) in base 12?
-3341
Convert -573 (base 11) to base 2.
-1010101101
Convert 10001101 (base 2) to base 15.
96
What is -2617 (base 13) in base 9?
-7401
Convert 1907 (base 13) to base 7.
13601
300511 (base 7) to base 6
1030334
Convert -211 (base 9) to base 12.
-124
Convert -160 (base 7) to base 2.
-1011011
-12603 (base 7) to base 3
-11122100
Convert -110222 (base 3) to base 2.
-101011110
2aa (base 14) to base 5
4132
What is -3000322 (base 4) in base 11?
-9304
11000000011 (base 2) to base 10
1539
What is -56153 (base 9) in base 5?
-2143213
What is 39a (base 15) in base 4?
30310
What is 8b3b (base 13) in base 6?
230113
-36b (base 16) to base 12
-60b
Convert 3035 (base 6) to base 16.
29f
What is -40a (base 11) in base 5?
-3434
Convert -12236 (base 9) to base 4.
-2000112
Convert 1153 (base 13) to base 10.
2434
Convert -411 (base 9) to base 3.
-110101
Convert 1cbb (base 15) to base 8.
14153
Convert -2430 (base 11) to base 12.
-1a0b
What is -16026 (base 7) in base 2?
-1000101111111
What is 127d (base 14) in base 5?
100442
Convert -204300 (base 5) to base 13.
-3150
2221001 (base 3) to base 12
129a
Convert 381 (base 16) to base 3.
1020020
What is -101000110111 (base 2) in base 5?
-40430
Convert 331e (base 16) to base 12.
76a6
Convert 2054 (base 6) to base 11.
394
-20021101 (base 3) to base 12
-2791
Convert -ac1 (base 13) to base 7.
-5246
Convert 100001001011001 (base 2) to base 9.
25262
What is -1211210 (base 5) in base 9?
-34100
7a31 (base 14) to base 12
10337
What is 1100010100000100 (base 2) in base 9?
76160
Convert -100010101101110 (base 2) to base 5.
-1032044
14636 (base 9) to base 11
7568
Convert -8e9 (base 15) to base 13.
-bc4
What is b75b (base 12) in base 3?
1000112222
e7 (base 16) to base 8
347
-101220212 (base 4) to base 15
-16605
-a1 (base 12) to base 13
-94
Convert -80b (base 15) to base 11.
-13a7
Convert -632 (base 11) to base 13.
-467
Convert 23133 (base 6) to base 11.
2528
Convert 1204 (base 9) to base 16.
37f
What is 201402 (base 6) in base 4?
3320222
-12122210 (base 3) to base 5
-113000
What is 5428 (base 9) in base 8?
7633
What is -1000010110111100 (base 2) in base 10?
-34236
What is 200201210 (base 3) in base 14?
4d96
11410 (base 9) to base 6
55143
-aa9 (base 12) to base 2
-11000100001
Convert -14c1 (base 14) to base 12.
-2181
Convert 228 (base 11) to base 2.
100010000
-1635 (base 8) to base 6
-4141
36b (base 13) to base 15
29b
Convert -121100 (base 5) to base 15.
-151a
1393 (base 10) to base 3
1220121
Convert -432220 (base 5) to base 4.
-3211131
Convert 203332 (base 4) to base 9.
3137
What is 123 (base 14) in base 16?
e3
Convert 102111102 (base 3) to base 16.
20bd
-1ba (base 12) to base 6
-1154
255255 (base 6) to base 13
a751
1295 (base 12) to base 16
851
Convert 22222 (base 3) to base 2.
11110010
Convert 20200 (base 4) to base 7.
1405
What is -111100110010010 (base 2) in base 15?
-934c
Convert f94 (base 16) to base 11.
2aa6
-10111001100 (base 2) to base 15
-68e
Convert -474 (base 14) to base 7.
-2404
-da6 (base 14) to base 13
-12c3
Convert -d2 (base 15) to base 7.
-401
Convert 1111 (base 3) to base 2.
101000
Convert -110121 (base 4) to base 6.
-10013
13678 (base 10) to base 4
3111232
-1011100001 (base 2) to base 5
-10422
What is 12002100 (base 3) in base 9?
5070
What is 1747 (base 12) in base 6?
20531
-21244 (base 6) to base 7
-11323
1202 (base 6) to base 8
442
What is -1057 (base 8) in base 15?
-274
Convert -53313 (base 6) to base 8.
-16115
What is 1f9 (base 16) in base 3?
200201
Convert 91 (base 10) to base 7.
160
Convert -1001 (base 3) to base 8.
-34
-297 (base 11) to base 16
-15c
15b50 (base 14) to base 11
37930
What is 11000111111011 (base 2) in base 4?
3013323
What is -2211121 (base 3) in base 13?
-c31
What is -38365 (base 9) in base 7?
-135161
What is 501432 (base 6) in base 8?
114534
117522 (base 9) to base 8
212742
What is -36 (base 11) in base 8?
-47
Convert -153 (base 13) to base 9.
-283
12e (base 16) to base 2
100101110
1130334 (base 5) to base 11
14626
Convert 1283 (base 10) to base 2.
10100000011
Convert 4380 (base 9) to base 16.
c9f
Convert -2a (base 13) to base 14.
-28
Convert -14115 (base 6) to base 13.
-100a
What is -1101100000 (base 2) in base 9?
-1160
Convert -2111 (base 5) to base 15.
-13b
What is 16d (base 15) in base 9?
404
-1b937 (base 15) to base 7
-522613
Convert 134555 (base 6) to base 9.
18428
What is -25833 (base 9) in base 8?
-42045
Convert 193a (base 11) to base 7.
10116
What is 19501 (base 12) in base 2?
1001000010010001
Convert -11a4 (base 12) to base 10.
-1996
17374 (base 8) to base 13
37c2
10202212 (base 3) to base 8
5276
What is 717 (base 14) in base 2?
10101110001
What is -5278 (base 10) in base 6?
-40234
-391 (base 11) to base 3
-122011
Convert -2605 (base 9) to base 3.
-2200012
Convert 10011110 (base 2) to base 7.
314
What is 2232032 (base 4) in base 6?
123342
104ac (base 16) to base 3
10101112120
-22334 (base 5) to base 15
-714
What is -1042 (base 8) in base 4?
-20202
Convert -11799 (base 10) to base 14.
-442b
Convert 29aa6 (base 12) to base 2.
1110010011011110
121133 (base 4) to base 13
986
What is -263 (base 13) in base 6?
-1535
Convert 8730 (base 11) to base 15.
3638
5151 (base 6) to base 14
5bd
Convert -543 (base 11) to base 5.
-10102
What is 229 (base 12) in base 7?
636
432 (base 15) to base 2
1110110011
Convert -1411 (base 6) to base 5.
-2432
Convert 11644 (base 7) to base 4.
233332
26422 (base 7) to base 8
15640
Convert -1001001111111110 (base 2) to base 13.
-14324
What is -222011012 (base 3) in base 4?
-10221323
Convert -4333 (base 5) to base 8.
-1121
What is -434a (base 15) in base 2?
-11011110100101
1022211 (base 3) to base 2
1111000111
Convert -12010 (base 7) to base 3.
-11020121
What is 412 (base 6) in base 8?
230
-544a (base 12) to base 3
-110201111
34214 (base 5) to base 16
982
5aa2 (base 13) to base 4
3020013
-ed2 (base 15) to base 8
-6423
What is 768 (base 10) in base 16?
300
24718 (base 10) to base 12
1237a
Convert 5253 (base 6) to base 12.
829
10088 (base 9) to base 8
14761
Convert 12002122 (base 3) to base 15.
117b
Convert -490 (base 11) to base 12.
-407
Convert 234 (base 13) to base 3.
112010
b2a (base 12) to base 2
11001010010
Convert -414 (base 5) to base 10.
-109
270 (base 8) to base 6
504
What is -184 (base 9) in base 2?
-10011101
-5015 (base 11) to base 6
-50515
What is 913 (base 13) in base 14?
7bb
Convert 1131012 (base 5) to base 3.
1001110210
-55130 (base 6) to base 12
-44a6
Convert d9 (base 16) to base 9.
261
3672 (base 11) to base 8
11276
Convert 30402 (base 5) to base 12.
1189
Convert -2222 (base 6) to base 16.
-206
Convert 5221 (base 16) to base 2.
101001000100001
Convert -1071 (base 12) to base 4.
-130111
What is -12e8e (base 16) in base 5?
-4434304
-ed4 (base 16) to base 6
-25324
7284 (base 12) to base 6
133444
What is 45052 (base 6) in base 3?
22122012
Convert -2303 (base 8) to base 4.
-103003
577a (base 15) to base 14
6aa1
726 (base 8) to base 12
332
Convert 588 (base 10) to base 2.
1001001100
Convert -1314040 (base 5) to base 13.
-bb92
What is -46202 (base 8) in base 14?
-71d0
503 (base 7) to base 5
1443
-5430 (base 8) to base 6
-21052
What is -100110000011 (base 2) in base 11?
-1914
Convert -21212130 (base 4) to base 10.
-39324
Convert -235305 (base 6) to base 7.
-114104
What is -212265 (base 7) in base 5?
-2134341
What is 111202 (base 3) in base 15?
19b
908 (base 13) to base 10
1529
222012200 (base 3) to base 12
b083
2032102 (base 4) to base 3
110111021
What is 16523 (base 7) in base 15?
15eb
629 (base 14) to base 4
102331
What is -32046 (base 8) in base 12?
-7886
35 (base 11) to base 13
2c
-2121002 (base 3) to base 4
-131210
Convert -450 (base 15) to base 2.
-1111001111
What is -c4 (base 15) in base 9?
-224
-66b6 (base 14) to base 9
-26367
Convert -152011 (base 7) to base 10.
-29506
Convert 11224 (base 5) to base 16.
32e
Convert 40010 (base 5) to base 16.
9c9
What is 44 (base 15) in base 2?
1000000
-175c0 (base 13) to base 12
-22011
19b (base 12) to base 2
100000111
6503 (base 7) to base 3
10011102
Wha